[INFO] cloning repository https://github.com/gmg137/hyperlpr-rs
[INFO] running `Command { std: "git" "-c" "credential.helper=" "-c" "credential.helper=/workspace/cargo-home/bin/git-credential-null" "clone" "--bare" "https://github.com/gmg137/hyperlpr-rs" "/workspace/cache/git-repos/https%3A%2F%2Fgithub.com%2Fgmg137%2Fhyperlpr-rs", kill_on_drop: false }`
[INFO] [stderr] Cloning into bare repository '/workspace/cache/git-repos/https%3A%2F%2Fgithub.com%2Fgmg137%2Fhyperlpr-rs'...
[INFO] running `Command { std: "git" "rev-parse" "HEAD", kill_on_drop: false }`
[INFO] [stdout] 848a9eeb2cecf347874249c33e12bcb9f217d05f
[INFO] checking gmg137/hyperlpr-rs against master#af3c6e733a40e671550e0f0f5aeecaa13772ba56 for pr-74989
[INFO] running `Command { std: "git" "clone" "/workspace/cache/git-repos/https%3A%2F%2Fgithub.com%2Fgmg137%2Fhyperlpr-rs" "/workspace/builds/worker-7/source", kill_on_drop: false }`
[INFO] [stderr] Cloning into '/workspace/builds/worker-7/source'...
[INFO] [stderr] done.
[INFO] validating manifest of git repo https://github.com/gmg137/hyperlpr-rs on toolchain af3c6e733a40e671550e0f0f5aeecaa13772ba56
[INFO] running `Command { std: "/workspace/cargo-home/bin/cargo" "+af3c6e733a40e671550e0f0f5aeecaa13772ba56" "read-manifest" "--manifest-path" "Cargo.toml", kill_on_drop: false }`
[INFO] started tweaking git repo https://github.com/gmg137/hyperlpr-rs
[INFO] finished tweaking git repo https://github.com/gmg137/hyperlpr-rs
[INFO] tweaked toml for git repo https://github.com/gmg137/hyperlpr-rs written to /workspace/builds/worker-7/source/Cargo.toml
[INFO] crate git repo https://github.com/gmg137/hyperlpr-rs already has a lockfile, it will not be regenerated
[INFO] running `Command { std: "/workspace/cargo-home/bin/cargo" "+af3c6e733a40e671550e0f0f5aeecaa13772ba56" "fetch" "--locked" "--manifest-path" "Cargo.toml", kill_on_drop: false }`
[INFO] [stderr]     Blocking waiting for file lock on package cache
[INFO] running `Command { std: "docker" "create" "-v" "/var/lib/crater-agent-workspace/builds/worker-7/target:/opt/rustwide/target:rw,Z" "-v" "/var/lib/crater-agent-workspace/builds/worker-7/source:/opt/rustwide/workdir:ro,Z" "-v" "/var/lib/crater-agent-workspace/cargo-home:/opt/rustwide/cargo-home:ro,Z" "-v" "/var/lib/crater-agent-workspace/rustup-home:/opt/rustwide/rustup-home:ro,Z" "-e" "SOURCE_DIR=/opt/rustwide/workdir" "-e" "CARGO_TARGET_DIR=/opt/rustwide/target" "-e" "CARGO_HOME=/opt/rustwide/cargo-home" "-e" "RUSTUP_HOME=/opt/rustwide/rustup-home" "-w" "/opt/rustwide/workdir" "-m" "1610612736" "--user" "0:0" "--network" "none" "rustops/crates-build-env@sha256:d92eaeed33fa75130ca1ee6c8a01d1ffb62bac859dfdfb3450e3e5d1c0146529" "/opt/rustwide/cargo-home/bin/cargo" "+af3c6e733a40e671550e0f0f5aeecaa13772ba56" "metadata" "--no-deps" "--format-version=1", kill_on_drop: false }`
[INFO] [stderr] WARNING: Your kernel does not support swap limit capabilities or the cgroup is not mounted. Memory limited without swap.
[INFO] [stdout] 2b06ba68a2a96e7f02eb889aa92b5ec67dd515e99df620545b93881f3fe0d067
[INFO] running `Command { std: "docker" "start" "-a" "2b06ba68a2a96e7f02eb889aa92b5ec67dd515e99df620545b93881f3fe0d067", kill_on_drop: false }`
[INFO] running `Command { std: "docker" "inspect" "2b06ba68a2a96e7f02eb889aa92b5ec67dd515e99df620545b93881f3fe0d067", kill_on_drop: false }`
[INFO] running `Command { std: "docker" "rm" "-f" "2b06ba68a2a96e7f02eb889aa92b5ec67dd515e99df620545b93881f3fe0d067", kill_on_drop: false }`
[INFO] [stdout] 2b06ba68a2a96e7f02eb889aa92b5ec67dd515e99df620545b93881f3fe0d067
[INFO] running `Command { std: "docker" "create" "-v" "/var/lib/crater-agent-workspace/builds/worker-7/target:/opt/rustwide/target:rw,Z" "-v" "/var/lib/crater-agent-workspace/builds/worker-7/source:/opt/rustwide/workdir:ro,Z" "-v" "/var/lib/crater-agent-workspace/cargo-home:/opt/rustwide/cargo-home:ro,Z" "-v" "/var/lib/crater-agent-workspace/rustup-home:/opt/rustwide/rustup-home:ro,Z" "-e" "SOURCE_DIR=/opt/rustwide/workdir" "-e" "CARGO_TARGET_DIR=/opt/rustwide/target" "-e" "CARGO_INCREMENTAL=0" "-e" "RUST_BACKTRACE=full" "-e" "RUSTFLAGS=--cap-lints=forbid" "-e" "CARGO_HOME=/opt/rustwide/cargo-home" "-e" "RUSTUP_HOME=/opt/rustwide/rustup-home" "-w" "/opt/rustwide/workdir" "-m" "1610612736" "--user" "0:0" "--network" "none" "rustops/crates-build-env@sha256:d92eaeed33fa75130ca1ee6c8a01d1ffb62bac859dfdfb3450e3e5d1c0146529" "/opt/rustwide/cargo-home/bin/cargo" "+af3c6e733a40e671550e0f0f5aeecaa13772ba56" "check" "--frozen" "--all" "--all-targets" "--message-format=json", kill_on_drop: false }`
[INFO] [stdout] 250e08dfb810054bb155b70c7b3bba2a01756955350a8902e9bd952644eed60c
[INFO] [stderr] WARNING: Your kernel does not support swap limit capabilities or the cgroup is not mounted. Memory limited without swap.
[INFO] running `Command { std: "docker" "start" "-a" "250e08dfb810054bb155b70c7b3bba2a01756955350a8902e9bd952644eed60c", kill_on_drop: false }`
[INFO] [stderr]    Compiling arrayvec v0.4.9
[INFO] [stderr]    Compiling nodrop v0.1.13
[INFO] [stderr]    Compiling scopeguard v0.3.3
[INFO] [stderr]    Compiling rayon-core v1.4.1
[INFO] [stderr]    Compiling memoffset v0.2.1
[INFO] [stderr]    Compiling rayon v1.0.3
[INFO] [stderr]    Compiling proc-macro2 v0.4.24
[INFO] [stderr]     Checking byteorder v1.2.7
[INFO] [stderr]    Compiling crossbeam-utils v0.2.2
[INFO] [stderr]     Checking iovec v0.1.2
[INFO] [stderr]     Checking bytes v0.4.11
[INFO] [stderr]    Compiling crossbeam-epoch v0.3.1
[INFO] [stderr]    Compiling quote v0.6.10
[INFO] [stderr]    Compiling crossbeam-deque v0.2.0
[INFO] [stderr]    Compiling syn v0.15.23
[INFO] [stderr]    Compiling cc v1.0.26
[INFO] [stderr]    Compiling synstructure v0.10.1
[INFO] [stderr]    Compiling backtrace-sys v0.1.26
[INFO] [stderr]    Compiling cv v0.2.2 (https://gitee.com/gmg137/cv-rs.git#792aa11f)
[INFO] [stderr]    Compiling hyper_lpr v0.1.0 (/opt/rustwide/workdir)
[INFO] [stderr] The following warnings were emitted during compilation:
[INFO] [stderr] 
[INFO] [stderr] warning: native/utils.cc:1:10: fatal error: opencv2/core.hpp: No such file or directory
[INFO] [stderr] warning:     1 | #include <opencv2/core.hpp>
[INFO] [stderr] warning:       |          ^~~~~~~~~~~~~~~~~~
[INFO] [stderr] warning: compilation terminated.
[INFO] [stderr] warning: In file included from native/highgui.cc:1:
[INFO] [stderr] warning: native/highgui.h:4:10: fatal error: opencv2/core.hpp: No such file or directory
[INFO] [stderr] warning:     4 | #include <opencv2/core.hpp>
[INFO] [stderr] warning:       |          ^~~~~~~~~~~~~~~~~~
[INFO] [stderr] warning: compilation terminated.
[INFO] [stderr] warning: In file included from native/objdetect.h:4,
[INFO] [stderr] warning:                  from native/objdetect.cc:1:
[INFO] [stderr] warning: native/common.h:6:10: fatal error: opencv2/core.hpp: No such file or directory
[INFO] [stderr] warning:     6 | #include <opencv2/core.hpp>
[INFO] [stderr] warning:       |          ^~~~~~~~~~~~~~~~~~
[INFO] [stderr] warning: In file included from native/imgproc.h:4,
[INFO] [stderr] warning:                  from native/imgproc.cc:1:
[INFO] [stderr] warning: native/common.h:6:10: fatal error: opencv2/core.hpp: No such file or directory
[INFO] [stderr] warning:     6 | #include <opencv2/core.hpp>
[INFO] [stderr] warning:       |          ^~~~~~~~~~~~~~~~~~
[INFO] [stderr] warning: compilation terminated.
[INFO] [stderr] warning: compilation terminated.
[INFO] [stderr] warning: In file included from native/common-rust.h:4,
[INFO] [stderr] warning:                  from native/common-rust.cc:1:
[INFO] [stderr] warning: native/common.h:6:10: fatal error: opencv2/core.hpp: No such file or directory
[INFO] [stderr] warning:     6 | #include <opencv2/core.hpp>
[INFO] [stderr] warning:       |          ^~~~~~~~~~~~~~~~~~
[INFO] [stderr] warning: compilation terminated.
[INFO] [stderr] warning: In file included from native/imcodecs.h:4,
[INFO] [stderr] warning:                  from native/imcodecs.cc:1:
[INFO] [stderr] warning: native/common.h:6:10: fatal error: opencv2/core.hpp: No such file or directory
[INFO] [stderr] warning:     6 | #include <opencv2/core.hpp>
[INFO] [stderr] warning:       |          ^~~~~~~~~~~~~~~~~~
[INFO] [stderr] warning: compilation terminated.
[INFO] [stderr] warning: In file included from native/video.h:4,
[INFO] [stderr] warning:                  from native/video.cc:1:
[INFO] [stderr] warning: native/common.h:6:10: fatal error: opencv2/core.hpp: No such file or directory
[INFO] [stderr] warning:     6 | #include <opencv2/core.hpp>
[INFO] [stderr] warning:       |          ^~~~~~~~~~~~~~~~~~
[INFO] [stderr] warning: compilation terminated.
[INFO] [stderr] warning: In file included from native/mat.h:4,
[INFO] [stderr] warning:                  from native/mat.cc:1:
[INFO] [stderr] warning: native/common.h:6:10: fatal error: opencv2/core.hpp: No such file or directory
[INFO] [stderr] warning:     6 | #include <opencv2/core.hpp>
[INFO] [stderr] warning:       |          ^~~~~~~~~~~~~~~~~~
[INFO] [stderr] warning: compilation terminated.
[INFO] [stderr] warning: In file included from native/videoio.h:4,
[INFO] [stderr] warning:                  from native/videoio.cc:1:
[INFO] [stderr] warning: native/common.h:6:10: fatal error: opencv2/core.hpp: No such file or directory
[INFO] [stderr] warning:     6 | #include <opencv2/core.hpp>
[INFO] [stderr] warning:       |          ^~~~~~~~~~~~~~~~~~
[INFO] [stderr] warning: compilation terminated.
[INFO] [stderr] 
[INFO] [stderr] error: failed to run custom build command for `cv v0.2.2 (https://gitee.com/gmg137/cv-rs.git#792aa11f)`
[INFO] [stderr] 
[INFO] [stderr] Caused by:
[INFO] [stderr]   process didn't exit successfully: `/opt/rustwide/target/debug/build/cv-7eae771f5fc8a4bc/build-script-build` (exit code: 101)
[INFO] [stderr]   --- stdout
[INFO] [stderr]   TARGET = Some("x86_64-unknown-linux-gnu")
[INFO] [stderr]   OPT_LEVEL = Some("0")
[INFO] [stderr]   HOST = Some("x86_64-unknown-linux-gnu")
[INFO] [stderr]   CXX_x86_64-unknown-linux-gnu = None
[INFO] [stderr]   CXX_x86_64_unknown_linux_gnu = None
[INFO] [stderr]   HOST_CXX = None
[INFO] [stderr]   CXX = None
[INFO] [stderr]   CXXFLAGS_x86_64-unknown-linux-gnu = None
[INFO] [stderr]   CXXFLAGS_x86_64_unknown_linux_gnu = None
[INFO] [stderr]   HOST_CXXFLAGS = None
[INFO] [stderr]   CXXFLAGS = None
[INFO] [stderr]   DEBUG = Some("true")
[INFO] [stderr]   running: "c++" "-O0" "-ffunction-sections" "-fdata-sections" "-fPIC" "-g" "-fno-omit-frame-pointer" "-m64" "-I" "native" "-I" "/usr/local/include" "-Wall" "-Wextra" "--std=c++11" "-o" "/opt/rustwide/target/debug/build/cv-d86e0b764834a4e5/out/native/mat.o" "-c" "native/mat.cc"
[INFO] [stderr]   running: "c++" "-O0" "-ffunction-sections" "-fdata-sections" "-fPIC" "-g" "-fno-omit-frame-pointer" "-m64" "-I" "native" "-I" "/usr/local/include" "-Wall" "-Wextra" "--std=c++11" "-o" "/opt/rustwide/target/debug/build/cv-d86e0b764834a4e5/out/native/common-rust.o" "-c" "native/common-rust.cc"
[INFO] [stderr]   running: "c++" "-O0" "-ffunction-sections" "-fdata-sections" "-fPIC" "-g" "-fno-omit-frame-pointer" "-m64" "-I" "native" "-I" "/usr/local/include" "-Wall" "-Wextra" "--std=c++11" "-o" "/opt/rustwide/target/debug/build/cv-d86e0b764834a4e5/out/native/video.o" "-c" "native/video.cc"
[INFO] [stderr]   running: "c++" "-O0" "-ffunction-sections" "-fdata-sections" "-fPIC" "-g" "-fno-omit-frame-pointer" "-m64" "-I" "native" "-I" "/usr/local/include" "-Wall" "-Wextra" "--std=c++11" "-o" "/opt/rustwide/target/debug/build/cv-d86e0b764834a4e5/out/native/utils.o" "-c" "native/utils.cc"
[INFO] [stderr]   running: "c++" "-O0" "-ffunction-sections" "-fdata-sections" "-fPIC" "-g" "-fno-omit-frame-pointer" "-m64" "-I" "native" "-I" "/usr/local/include" "-Wall" "-Wextra" "--std=c++11" "-o" "/opt/rustwide/target/debug/build/cv-d86e0b764834a4e5/out/native/highgui.o" "-c" "native/highgui.cc"
[INFO] [stderr]   running: "c++" "-O0" "-ffunction-sections" "-fdata-sections" "-fPIC" "-g" "-fno-omit-frame-pointer" "-m64" "-I" "native" "-I" "/usr/local/include" "-Wall" "-Wextra" "--std=c++11" "-o" "/opt/rustwide/target/debug/build/cv-d86e0b764834a4e5/out/native/imcodecs.o" "-c" "native/imcodecs.cc"
[INFO] [stderr]   running: "c++" "-O0" "-ffunction-sections" "-fdata-sections" "-fPIC" "-g" "-fno-omit-frame-pointer" "-m64" "-I" "native" "-I" "/usr/local/include" "-Wall" "-Wextra" "--std=c++11" "-o" "/opt/rustwide/target/debug/build/cv-d86e0b764834a4e5/out/native/videoio.o" "-c" "native/videoio.cc"
[INFO] [stderr]   running: "c++" "-O0" "-ffunction-sections" "-fdata-sections" "-fPIC" "-g" "-fno-omit-frame-pointer" "-m64" "-I" "native" "-I" "/usr/local/include" "-Wall" "-Wextra" "--std=c++11" "-o" "/opt/rustwide/target/debug/build/cv-d86e0b764834a4e5/out/native/objdetect.o" "-c" "native/objdetect.cc"
[INFO] [stderr]   running: "c++" "-O0" "-ffunction-sections" "-fdata-sections" "-fPIC" "-g" "-fno-omit-frame-pointer" "-m64" "-I" "native" "-I" "/usr/local/include" "-Wall" "-Wextra" "--std=c++11" "-o" "/opt/rustwide/target/debug/build/cv-d86e0b764834a4e5/out/native/imgproc.o" "-c" "native/imgproc.cc"
[INFO] [stderr]   cargo:warning=native/utils.cc:1:10: fatal error: opencv2/core.hpp: No such file or directory
[INFO] [stderr]   cargo:warning=    1 | #include <opencv2/core.hpp>
[INFO] [stderr]   cargo:warning=      |          ^~~~~~~~~~~~~~~~~~
[INFO] [stderr]   cargo:warning=compilation terminated.
[INFO] [stderr]   cargo:warning=In file included from native/highgui.cc:1:
[INFO] [stderr]   cargo:warning=native/highgui.h:4:10: fatal error: opencv2/core.hpp: No such file or directory
[INFO] [stderr]   cargo:warning=    4 | #include <opencv2/core.hpp>
[INFO] [stderr]   cargo:warning=      |          ^~~~~~~~~~~~~~~~~~
[INFO] [stderr]   cargo:warning=compilation terminated.
[INFO] [stderr]   exit code: 1
[INFO] [stderr]   exit code: 1
[INFO] [stderr]   cargo:warning=In file included from native/objdetect.h:4,
[INFO] [stderr]   cargo:warning=                 from native/objdetect.cc:1:
[INFO] [stderr]   cargo:warning=native/common.h:6:10: fatal error: opencv2/core.hpp: No such file or directory
[INFO] [stderr]   cargo:warning=    6 | #include <opencv2/core.hpp>
[INFO] [stderr]   cargo:warning=      |          ^~~~~~~~~~~~~~~~~~
[INFO] [stderr]   cargo:warning=In file included from native/imgproc.h:4,
[INFO] [stderr]   cargo:warning=                 from native/imgproc.cc:1:
[INFO] [stderr]   cargo:warning=native/common.h:6:10: fatal error: opencv2/core.hpp: No such file or directory
[INFO] [stderr]   cargo:warning=    6 | #include <opencv2/core.hpp>
[INFO] [stderr]   cargo:warning=      |          ^~~~~~~~~~~~~~~~~~
[INFO] [stderr]   cargo:warning=compilation terminated.
[INFO] [stderr]   exit code: 1
[INFO] [stderr]   cargo:warning=compilation terminated.
[INFO] [stderr]   exit code: 1
[INFO] [stderr]   cargo:warning=In file included from native/common-rust.h:4,
[INFO] [stderr]   cargo:warning=                 from native/common-rust.cc:1:
[INFO] [stderr]   cargo:warning=native/common.h:6:10: fatal error: opencv2/core.hpp: No such file or directory
[INFO] [stderr]   cargo:warning=    6 | #include <opencv2/core.hpp>
[INFO] [stderr]   cargo:warning=      |          ^~~~~~~~~~~~~~~~~~
[INFO] [stderr]   cargo:warning=compilation terminated.
[INFO] [stderr]   exit code: 1
[INFO] [stderr]   cargo:warning=In file included from native/imcodecs.h:4,
[INFO] [stderr]   cargo:warning=                 from native/imcodecs.cc:1:
[INFO] [stderr]   cargo:warning=native/common.h:6:10: fatal error: opencv2/core.hpp: No such file or directory
[INFO] [stderr]   cargo:warning=    6 | #include <opencv2/core.hpp>
[INFO] [stderr]   cargo:warning=      |          ^~~~~~~~~~~~~~~~~~
[INFO] [stderr]   cargo:warning=compilation terminated.
[INFO] [stderr]   exit code: 1
[INFO] [stderr]   cargo:warning=In file included from native/video.h:4,
[INFO] [stderr]   cargo:warning=                 from native/video.cc:1:
[INFO] [stderr]   cargo:warning=native/common.h:6:10: fatal error: opencv2/core.hpp: No such file or directory
[INFO] [stderr]   cargo:warning=    6 | #include <opencv2/core.hpp>
[INFO] [stderr]   cargo:warning=      |          ^~~~~~~~~~~~~~~~~~
[INFO] [stderr]   cargo:warning=compilation terminated.
[INFO] [stderr]   cargo:warning=In file included from native/mat.h:4,
[INFO] [stderr]   cargo:warning=                 from native/mat.cc:1:
[INFO] [stderr]   cargo:warning=native/common.h:6:10: fatal error: opencv2/core.hpp: No such file or directory
[INFO] [stderr]   cargo:warning=    6 | #include <opencv2/core.hpp>
[INFO] [stderr]   cargo:warning=      |          ^~~~~~~~~~~~~~~~~~
[INFO] [stderr]   cargo:warning=compilation terminated.
[INFO] [stderr]   exit code: 1
[INFO] [stderr]   cargo:warning=In file included from native/videoio.h:4,
[INFO] [stderr]   cargo:warning=                 from native/videoio.cc:1:
[INFO] [stderr]   cargo:warning=native/common.h:6:10: fatal error: opencv2/core.hpp: No such file or directory
[INFO] [stderr]   cargo:warning=    6 | #include <opencv2/core.hpp>
[INFO] [stderr]   cargo:warning=      |          ^~~~~~~~~~~~~~~~~~
[INFO] [stderr]   cargo:warning=compilation terminated.
[INFO] [stderr]   exit code: 1
[INFO] [stderr]   exit code: 1
[INFO] [stderr] 
[INFO] [stderr]   --- stderr
[INFO] [stderr]   thread 'main' panicked at '
[INFO] [stderr] 
[INFO] [stderr]   Internal error occurred: Command "c++" "-O0" "-ffunction-sections" "-fdata-sections" "-fPIC" "-g" "-fno-omit-frame-pointer" "-m64" "-I" "native" "-I" "/usr/local/include" "-Wall" "-Wextra" "--std=c++11" "-o" "/opt/rustwide/target/debug/build/cv-d86e0b764834a4e5/out/native/utils.o" "-c" "native/utils.cc" with args "c++" did not execute successfully (status code exit code: 1).
[INFO] [stderr] 
[INFO] [stderr]   ', /opt/rustwide/cargo-home/registry/src/github.com-1ecc6299db9ec823/cc-1.0.26/src/lib.rs:2295:5
[INFO] [stderr]   stack backtrace:
[INFO] [stderr]      0:     0x55562497ef20 - std::backtrace_rs::backtrace::libunwind::trace::h452faf99f32e7c93
[INFO] [stderr]                                  at /rustc/af3c6e733a40e671550e0f0f5aeecaa13772ba56/library/std/src/../../backtrace/src/backtrace/libunwind.rs:96
[INFO] [stderr]      1:     0x55562497ef20 - std::backtrace_rs::backtrace::trace_unsynchronized::he40edc71437667a1
[INFO] [stderr]                                  at /rustc/af3c6e733a40e671550e0f0f5aeecaa13772ba56/library/std/src/../../backtrace/src/backtrace/mod.rs:66
[INFO] [stderr]      2:     0x55562497ef20 - std::sys_common::backtrace::_print_fmt::h6c51d6ade71f46bf
[INFO] [stderr]                                  at /rustc/af3c6e733a40e671550e0f0f5aeecaa13772ba56/library/std/src/sys_common/backtrace.rs:79
[INFO] [stderr]      3:     0x55562497ef20 - <std::sys_common::backtrace::_print::DisplayBacktrace as core::fmt::Display>::fmt::h3cd15d7003dec37a
[INFO] [stderr]                                  at /rustc/af3c6e733a40e671550e0f0f5aeecaa13772ba56/library/std/src/sys_common/backtrace.rs:58
[INFO] [stderr]      4:     0x55562499ec6c - core::fmt::write::h1857a60b204f1b6a
[INFO] [stderr]                                  at /rustc/af3c6e733a40e671550e0f0f5aeecaa13772ba56/library/core/src/fmt/mod.rs:1080
[INFO] [stderr]      5:     0x55562497b277 - std::io::Write::write_fmt::hac61caff894c35ae
[INFO] [stderr]                                  at /rustc/af3c6e733a40e671550e0f0f5aeecaa13772ba56/library/std/src/io/mod.rs:1517
[INFO] [stderr]      6:     0x555624981440 - std::sys_common::backtrace::_print::haa2f390fb7957e3e
[INFO] [stderr]                                  at /rustc/af3c6e733a40e671550e0f0f5aeecaa13772ba56/library/std/src/sys_common/backtrace.rs:61
[INFO] [stderr]      7:     0x555624981440 - std::sys_common::backtrace::print::h48c7cbbad9013bb1
[INFO] [stderr]                                  at /rustc/af3c6e733a40e671550e0f0f5aeecaa13772ba56/library/std/src/sys_common/backtrace.rs:48
[INFO] [stderr]      8:     0x555624981440 - std::panicking::default_hook::{{closure}}::h8b7ff05a31e71d55
[INFO] [stderr]                                  at /rustc/af3c6e733a40e671550e0f0f5aeecaa13772ba56/library/std/src/panicking.rs:208
[INFO] [stderr]      9:     0x55562498118c - std::panicking::default_hook::h2f00c78800d98e4c
[INFO] [stderr]                                  at /rustc/af3c6e733a40e671550e0f0f5aeecaa13772ba56/library/std/src/panicking.rs:227
[INFO] [stderr]     10:     0x555624981aa3 - std::panicking::rust_panic_with_hook::h4eaa635e4694aef3
[INFO] [stderr]                                  at /rustc/af3c6e733a40e671550e0f0f5aeecaa13772ba56/library/std/src/panicking.rs:577
[INFO] [stderr]     11:     0x555624981679 - std::panicking::begin_panic_handler::{{closure}}::hec242f1b136b5ff2
[INFO] [stderr]                                  at /rustc/af3c6e733a40e671550e0f0f5aeecaa13772ba56/library/std/src/panicking.rs:484
[INFO] [stderr]     12:     0x55562497f38c - std::sys_common::backtrace::__rust_end_short_backtrace::h1f3cc383ee6c0374
[INFO] [stderr]                                  at /rustc/af3c6e733a40e671550e0f0f5aeecaa13772ba56/library/std/src/sys_common/backtrace.rs:153
[INFO] [stderr]     13:     0x555624981639 - rust_begin_unwind
[INFO] [stderr]                                  at /rustc/af3c6e733a40e671550e0f0f5aeecaa13772ba56/library/std/src/panicking.rs:483
[INFO] [stderr]     14:     0x5556249815eb - std::panicking::begin_panic_fmt::hebfdcd945bbd27b1
[INFO] [stderr]                                  at /rustc/af3c6e733a40e671550e0f0f5aeecaa13772ba56/library/std/src/panicking.rs:437
[INFO] [stderr]     15:     0x5556248eaa17 - cc::fail::hc3041bcdd42c2a31
[INFO] [stderr]                                  at /opt/rustwide/cargo-home/registry/src/github.com-1ecc6299db9ec823/cc-1.0.26/src/lib.rs:2295
[INFO] [stderr]     16:     0x5556248d7f3c - cc::Build::compile::h43114e8fb09778ca
[INFO] [stderr]                                  at /opt/rustwide/cargo-home/registry/src/github.com-1ecc6299db9ec823/cc-1.0.26/src/lib.rs:950
[INFO] [stderr]     17:     0x5556248d202e - build_script_build::main::h01b4ca8975a1e4c6
[INFO] [stderr]                                  at /opt/rustwide/cargo-home/git/checkouts/cv-rs-268dcefbb44fb21a/792aa11/build.rs:135
[INFO] [stderr]     18:     0x5556248d2abb - core::ops::function::FnOnce::call_once::h39fe67991d3c6b51
[INFO] [stderr]                                  at /rustc/af3c6e733a40e671550e0f0f5aeecaa13772ba56/library/core/src/ops/function.rs:227
[INFO] [stderr]     19:     0x5556248d2a5e - std::sys_common::backtrace::__rust_begin_short_backtrace::h14ae12f8a1456d53
[INFO] [stderr]                                  at /rustc/af3c6e733a40e671550e0f0f5aeecaa13772ba56/library/std/src/sys_common/backtrace.rs:137
[INFO] [stderr]     20:     0x5556248d0be1 - std::rt::lang_start::{{closure}}::h0ea58fa007d7fd0c
[INFO] [stderr]                                  at /rustc/af3c6e733a40e671550e0f0f5aeecaa13772ba56/library/std/src/rt.rs:66
[INFO] [stderr]     21:     0x555624981f71 - core::ops::function::impls::<impl core::ops::function::FnOnce<A> for &F>::call_once::hecc21eb9018cc197
[INFO] [stderr]                                  at /rustc/af3c6e733a40e671550e0f0f5aeecaa13772ba56/library/core/src/ops/function.rs:259
[INFO] [stderr]     22:     0x555624981f71 - std::panicking::try::do_call::h174ad655d084b5c7
[INFO] [stderr]                                  at /rustc/af3c6e733a40e671550e0f0f5aeecaa13772ba56/library/std/src/panicking.rs:381
[INFO] [stderr]     23:     0x555624981f71 - std::panicking::try::h479e6054ce28de10
[INFO] [stderr]                                  at /rustc/af3c6e733a40e671550e0f0f5aeecaa13772ba56/library/std/src/panicking.rs:345
[INFO] [stderr]     24:     0x555624981f71 - std::panic::catch_unwind::hb558ddea2b3e9c45
[INFO] [stderr]                                  at /rustc/af3c6e733a40e671550e0f0f5aeecaa13772ba56/library/std/src/panic.rs:382
[INFO] [stderr]     25:     0x555624981f71 - std::rt::lang_start_internal::h163149047f0a8b61
[INFO] [stderr]                                  at /rustc/af3c6e733a40e671550e0f0f5aeecaa13772ba56/library/std/src/rt.rs:51
[INFO] [stderr]     26:     0x5556248d0bb7 - std::rt::lang_start::h062b3fcb38a8f348
[INFO] [stderr]                                  at /rustc/af3c6e733a40e671550e0f0f5aeecaa13772ba56/library/std/src/rt.rs:65
[INFO] [stderr]     27:     0x5556248d232a - main
[INFO] [stderr]     28:     0x7f7249d250b3 - __libc_start_main
[INFO] [stderr]     29:     0x5556248cf0be - _start
[INFO] [stderr]     30:                0x0 - <unknown>
[INFO] [stderr] warning: build failed, waiting for other jobs to finish...
[INFO] [stderr] The following warnings were emitted during compilation:
[INFO] [stderr] 
[INFO] [stderr] warning: In file included from native/Pipeline.h:8,
[INFO] [stderr] warning:                  from native/Pipeline.cpp:5:
[INFO] [stderr] warning: native/PlateDetection.h:8:10: fatal error: opencv2/opencv.hpp: No such file or directory
[INFO] [stderr] warning:     8 | #include <opencv2/opencv.hpp>
[INFO] [stderr] warning:       |          ^~~~~~~~~~~~~~~~~~~~
[INFO] [stderr] warning: compilation terminated.
[INFO] [stderr] warning: In file included from native/PlateDetection.cpp:1:
[INFO] [stderr] warning: native/PlateDetection.h:8:10: fatal error: opencv2/opencv.hpp: No such file or directory
[INFO] [stderr] warning:     8 | #include <opencv2/opencv.hpp>
[INFO] [stderr] warning:       |          ^~~~~~~~~~~~~~~~~~~~
[INFO] [stderr] warning: compilation terminated.
[INFO] [stderr] warning: In file included from native/Recognizer.h:9,
[INFO] [stderr] warning:                  from native/Recognizer.cpp:5:
[INFO] [stderr] warning: native/PlateInfo.h:7:10: fatal error: opencv2/opencv.hpp: No such file or directory
[INFO] [stderr] warning:     7 | #include <opencv2/opencv.hpp>
[INFO] [stderr] warning:       |          ^~~~~~~~~~~~~~~~~~~~
[INFO] [stderr] warning: compilation terminated.
[INFO] [stderr] warning: In file included from native/Pipeline.h:8,
[INFO] [stderr] warning:                  from native/CHyperLPR.cpp:8:
[INFO] [stderr] warning: native/PlateDetection.h:8:10: fatal error: opencv2/opencv.hpp: No such file or directory
[INFO] [stderr] warning:     8 | #include <opencv2/opencv.hpp>
[INFO] [stderr] warning:       |          ^~~~~~~~~~~~~~~~~~~~
[INFO] [stderr] warning: In file included from native/FineMapping.cpp:1:
[INFO] [stderr] warning: native/FineMapping.h:8:10: fatal error: opencv2/opencv.hpp: No such file or directory
[INFO] [stderr] warning:     8 | #include <opencv2/opencv.hpp>
[INFO] [stderr] warning:       |          ^~~~~~~~~~~~~~~~~~~~
[INFO] [stderr] warning: compilation terminated.
[INFO] [stderr] warning: compilation terminated.
[INFO] [stderr] warning: In file included from native/Recognizer.h:9,
[INFO] [stderr] warning:                  from native/CNNRecognizer.h:8,
[INFO] [stderr] warning:                  from native/CNNRecognizer.cpp:5:
[INFO] [stderr] warning: native/PlateInfo.h:7:10: fatal error: opencv2/opencv.hpp: No such file or directory
[INFO] [stderr] warning:     7 | #include <opencv2/opencv.hpp>
[INFO] [stderr] warning:       |          ^~~~~~~~~~~~~~~~~~~~
[INFO] [stderr] warning: compilation terminated.
[INFO] [stderr] warning: In file included from native/PlateSegmentation.cpp:5:
[INFO] [stderr] warning: native/PlateSegmentation.h:4:10: fatal error: opencv2/opencv.hpp: No such file or directory
[INFO] [stderr] warning:     4 | #include "opencv2/opencv.hpp"
[INFO] [stderr] warning:       |          ^~~~~~~~~~~~~~~~~~~~
[INFO] [stderr] warning: compilation terminated.
[INFO] [stderr] warning: In file included from native/Recognizer.h:9,
[INFO] [stderr] warning:                  from native/SegmentationFreeRecognizer.h:8,
[INFO] [stderr] warning:                  from native/SegmentationFreeRecognizer.cpp:4:
[INFO] [stderr] warning: native/PlateInfo.h:7:10: fatal error: opencv2/opencv.hpp: No such file or directory
[INFO] [stderr] warning:     7 | #include <opencv2/opencv.hpp>
[INFO] [stderr] warning:       |          ^~~~~~~~~~~~~~~~~~~~
[INFO] [stderr] warning: compilation terminated.
[INFO] [stderr] warning: In file included from native/FastDeskew.cpp:5:
[INFO] [stderr] warning: native/FastDeskew.h:9:10: fatal error: opencv2/opencv.hpp: No such file or directory
[INFO] [stderr] warning:     9 | #include <opencv2/opencv.hpp>
[INFO] [stderr] warning:       |          ^~~~~~~~~~~~~~~~~~~~
[INFO] [stderr] warning: compilation terminated.
[INFO] [stderr] 
[INFO] [stderr] error: build failed
[INFO] running `Command { std: "docker" "inspect" "250e08dfb810054bb155b70c7b3bba2a01756955350a8902e9bd952644eed60c", kill_on_drop: false }`
[INFO] running `Command { std: "docker" "rm" "-f" "250e08dfb810054bb155b70c7b3bba2a01756955350a8902e9bd952644eed60c", kill_on_drop: false }`
[INFO] [stdout] 250e08dfb810054bb155b70c7b3bba2a01756955350a8902e9bd952644eed60c
